rime factors of f(4).
2, 3, 5
Suppose -5*u + 37 = -4*u. Suppose 0 = 4*c - 3*c + 2*z + 6, -3*c + u = -5*z. Suppose 0 = c*f - 46 - 2. List the prime factors of f.
2, 3
Let p = 46 - 37. List the prime factors of p.
3
What are the prime factors of (-3)/6*0 + 120?
2, 3, 5
Suppose 0 = z + 3*w - 23 - 33, w + 224 = 4*z. List the prime factors of z.
2, 7
Let h(a) = -a - 7. Let u = 6 + -11. Let f be h(u). Let b(c) = -3*c + 1. What are the prime factors of b(f)?
7
Let p = 1 - -21. List the prime factors of p.
2, 11
Let v be 3 - (-2 - (-8)/4). Suppose 3*a - 2*m + 6*m = 55, -v*m = 5*a - 110. List the prime factors of a.
5
Let q be (8/3)/(2/12). Suppose 3*m - m = q. What are the prime factors of m?
2
Let n be (1*-2)/(5/15). Let b be -1*2/(n/(-15)). Let t(f) = -f + 1. List the prime factors of t(b).
2, 3
Let p = 248 + -171. What are the prime factors of p?
7, 11
Suppose 0 = 5*v + 5*b - 350, v + v - 155 = b. List the prime factors of v.
3, 5
Let z = -61 + 120. Let l = z - 31. List the prime factors of l.
2, 7
Let h(p) = p**2 - 3*p + 6. Let g be h(10). Suppose -3*w = -5*x + 108, -3*x + 0*w + g = w. What are the prime factors of x?
2, 3
List the prime factors of 3*(-4)/(-1 - 3).
3
Let g(q) = q**3 + 6*q**2 - 2*q - 2. Let y be g(-4). Let v = -21 + y. List the prime factors of v.
17
List the prime factors of (-3 + 5)*(-38)/(-4).
19
Suppose 4*g - 4*y - 608 = 0, -3*y - 6 = -5*y. What are the prime factors of g?
5, 31
Suppose -d - 7 - 11 = 4*r, -2*r - 8 = 0. Let i be -4*d/8*2. Suppose 2*n + 0*a + 10 = 4*a, -3*a + 25 = i*n. List the prime factors of n.
5
Suppose t - 3*v = 9, 2*t + 2*t - 5*v = 71. What are the prime factors of t?
2, 3
List the prime factors of 12 - (1 - 4) - -4.
19
Let q = 73 - -20. What are the prime factors of q?
3, 31
Suppose -6*c = 2*c - 528. What are the prime factors of c?
2, 3, 11
Let x = -3 + 9. Let o = -6 + x. Suppose o*y + 12 = 2*y. What are the prime factors of y?
2, 3
Let n = 2 + 59. List the prime factors of n.
61
Suppose 5*y = 4*n + 256, 2 = 2*n - 0*n. Suppose -9 = -l - i + 1, 5*l = -4*i + y. List the prime factors of l.
2, 3
Suppose -3*c + 4*c - 36 = 0. Let k(w) = w**3 - 8*w**2 + 7*w + 3. Let b be k(7). Suppose -q + c = b*q. List the prime factors of q.
3
Let h = -5 + 7. Let s = 23 - h. Suppose 0*g + s = 3*g. List the prime factors of g.
7
Let j(f) = f + 1. Let u(w) = -12*w - 4. Let x(t) = 2*j(t) + u(t). Let c(z) = -z. Let l(s) = 18*c(s) - 2*x(s). What are the prime factors of l(3)?
2, 5
Let u be (2/(-4))/(1/(-2)). What are the prime factors of -13*((-1)/u - 0)?
13
Let n(c) = 3*c**2 + 7*c + 10. What are the prime factors of n(-5)?
2, 5
Suppose -n - n - 3*q = -7, 4*q = -4*n + 20. Let k = -5 + n. List the prime factors of k.
3
Suppose -35 = -p - 0*p. What are the prime factors of p?
5, 7
Suppose 0 = u - 5*b - 2, 0 = 2*u + 2*u + 5*b - 8. Suppose v = -u*v + 12. What are the prime factors of v?
2
Let v(n) = n**3 + 5*n**2 - 8*n - 8. Let r be v(-6). Suppose 0 = -3*u + 3*q - 6*q + 6, -2*q = 4*u + 2. List the prime factors of r/((-4)/30*u).
2, 5
Let s be -1 + 1 - (-7 + 6). Let b(r) = -s - 1 - 5*r - 5*r. What are the prime factors of b(-2)?
2, 3
Let c = 3 + -1. Suppose -10 = -5*j + 2*z, 3*z - c = 3*j + 1. Suppose 0 = -0*m + j*m - 40. What are the prime factors of m?
2, 5
Let x(q) = -q**2 - 22. Let j be x(0). What are the prime factors of 8/(-6)*1023/j?
2, 31
Let p be (-2)/(-6)*(11 - 5). Suppose 23 = 2*u - 6*h + h, -2*u - p*h + 16 = 0. List the prime factors of u.
3
Let f(j) = -j**3 - 4*j**2 - 3*j + 2. Let n be f(-3). Let i be n/3 + (-8)/(-6). What are the prime factors of 4 + ((-4)/i - -2)?
2
Suppose -16 = -4*p, -4*p + 0*p - 136 = -4*a. List the prime factors of a.
2, 19
What are the prime factors of 2*(-159)/(-6) + 2?
5, 11
Suppose 4*j = 17 + 7. What are the prime factors of j?
2, 3
Let z(v) = v + 1. Let m(s) = 16*s**2 - 2*s + 1. Let j be m(1). Suppose -b + j = 2*b. What are the prime factors of z(b)?
2, 3
Let c = 2 + -1. Suppose -c = -p, 3*t - t - 21 = p. List the prime factors of t.
11
Suppose 4 = u + 4*b, -121 = -4*u - 4*b + 9*b. Suppose -m = -4*m - u. Let w = m - -14. List the prime factors of w.
2, 3
Suppose -1615 = 5*u + 5*z, -2*u + z - 329 = -u. Let h = -94 - u. What are the prime factors of h/28 - 2/7?
2
Suppose -12 - 144 = -2*g. Suppose -3*v = -4*r - 6*v - 372, r - 3*v = -g. What are the prime factors of (r/12)/(1/(-2))?
3, 5
Suppose -4*d + 68 = -36. Let r be d - (1 - (-1 + 4)). Suppose 3*b + 2*x - r = 0, -30 = -3*b - 3*x - 0*x. What are the prime factors of b?
2
Let j(p) = 11*p + 18. List the prime factors of j(10).
2
Let a be (6/15)/((-1)/(-10)). Suppose 2*j = -2 + a, 4*q + j - 49 = 0. What are the prime factors of q?
2, 3
Let m(a) be the second derivative of 2/3*a**3 + 0 + 0*a**2 + 2*a. List the prime factors of m(2).
2
Let d(n) = -n**2 + 11*n. List the prime factors of d(5).
2, 3, 5
Let q = 501 - 337. List the prime factors of q.
2, 41
Let m(b) = -4*b - 1. Let i be m(-4). Let a be (-153)/i - (-2)/10. Let v = a + 14. What are the prime factors of v?
2
Let g be 3 + -1 + 0 - -58. Suppose 2*f - g = 7*f. Let u = f - -17. What are the prime factors of u?
5
Let f = -4 - -15. What are the prime factors of f?
11
List the prime factors of 510/17*(-8)/(-5).
2, 3
Let j(g) be the first derivative of g**4/4 + 10*g**3/3 + 3*g**2 - 6*g - 9. Let d = -3 + -6. What are the prime factors of j(d)?
3, 7
Suppose 3*f - 2*x - 408 = f, f - 2*x - 207 = 0. List the prime factors of f.
3, 67
Let n(l) = l**2 - 3*l - 4 + 2*l + 4 - 1. Let u(f) = -3*f**2 - 3*f + 9. Let z(o) = -2*n(o) - u(o). What are the prime factors of z(-7)?
7
Suppose -2*g - t = -5*t - 48, 3*g = -t + 107. What are the prime factors of g?
2, 17
Let n = 5 + -11. Let a(l) = l**2 + l - 5. What are the prime factors of a(n)?
5
Let f(b) = -9*b + 1. What are the prime factors of f(-4)?
37
Let o = -7 + 17. Suppose 2*n + o = 4*n. Suppose 5*p - 5 = 0, 3*p - n*p = -4*x + 46. What are the prime factors of x?
2, 3
Let a(l) = l - 1. Let m be a(-3). Let y = m - -12. List the prime factors of y.
2
Suppose 4*i + 5*b = 7, -2 = 4*b + 2. Suppose -i*k - 2 = -k. Let o(g) = 10*g**2 - g. What are the prime factors of o(k)?
11
Suppose -3*z + k + 128 = 17, -3*k = z - 27. List the prime factors of z.
2, 3
Suppose 0 = -3*z - 2*z + 10. Suppose -16 - 25 = -4*o - j, -43 = -z*o - 5*j. What are the prime factors of o?
3
Suppose -56 - 4 = -3*u. Suppose -q + 3*d - 5 = -5*q, d + u = 3*q. What are the prime factors of q?
5
List the prime factors of (-30)/(-4)*(-6)/(-15).
3
Let t(r) = 13*r - 26. List the prime factors of t(9).
7, 13
What are the prime factors of (-4)/(-18) - (-1398)/27?
2, 13
Suppose 0*j + 184 = 2*a + j, a - 89 = -2*j. List the prime factors of a.
3, 31
Suppose 4 + 2 = 3*l. Suppose l*h - 6*h = 0. What are the prime factors of h + (11 - 2)/1?
3
Let z be (16/(-12))/((-4)/(-282)). What are the prime factors of 5/(-10) + z/(-4)?
23
Suppose 2*m = -4*f + 4*m + 158, 0 = -2*f - 2*m + 64. What are the prime factors of f?
37
Suppose 0 = 3*y + 2*y - 125. What are the prime factors of y?
5
Let q = -89 - -154. Let d = q - 31. List the prime factors of d.
2, 17
Let b = 16 + -20. Let n = 43 - b. What are the prime factors of n?
47
Let y = 4 - 2. Let v(x) = 2*x**3 - 2*x**2 - x + 1. Let j be v(y). Suppose 3 = r - 2*s, -r + 2*s - j*s + 24 = 0. What are the prime factors of r?
3
Suppose -12 = -2*j - 4*d, 3*d = -0*j + 5*j + 9. List the prime factors of 0 + j - (-9 + -2).
11
Let f(b) = -b + 9. Suppose -3*u + 12 = -3*w, -5*u - 2*w = -w - 32. Let x be f(u). Suppose x*v = -1 + 22. List the prime factors of v.
7
Let i be 3/6 + 9/(-6). Let o(f) = -6*f - 1. Let y be o(i). Suppose 0 = -3*t + 4*t, -y*t + 54 = 3*d. What are the prime factors of d?
2, 3
What are the prime factors of 3/12*(2 - -6)?
2
List the prime factors of (-6)/27 + 254/9.
2, 7
Let r be (1 - 0)*(-16)/(-2). Let y be (3 - 2)/(-3 - (-55)/20). Let b = y + r. List the prime factors of b.
2
Let n(t) = -11*t - 32. Let o(i) = -5*i - 16. Let b(x) = 6*n(x) - 13*o(x). List the prime factors of b(0).
2
Let d(k) = 2*k**2 + 3*k - 1. List the prime factors of d(2).
13
Let h be (3 - 2 - 0)*6. Let q = -3 - 1. Let m = q + h. What are the prime factors of m?
2
Let n = -2 + 8. Let h be -2 - (-2 - n/(-2)). Let w(j) = -4*j. What are the prime factors of w(h)?
2, 3
Suppose -2*o + 100 = 2*w, 5*o -